6825?
5, 461, 8293
What are the prime factors of 1173242356?
2, 11, 13, 2051123
List the prime factors of 107000221.
107000221
List the prime factors of 102313716.
2, 3, 8526143
What are the prime factors of 939426448?
2, 37, 1586869
List the prime factors of 187525977.
3, 29, 73, 29527
What are the prime factors of 100770211?
67, 1504033
List the prime factors of 1820792436.
2, 3, 151732703
List the prime factors of 588631334.
2, 61, 4824847
What are the prime factors of 683603809?
7, 43, 257, 8837
List the prime factors of 5119229594.
2, 1429, 1791193
List the prime factors of 85116744.
2, 3, 23, 5711
What are the prime factors of 1209226841?
1993, 606737
List the prime factors of 256903002.
2, 3, 331, 1597
What are the prime factors of 240969354?
2, 3, 40161559
List the prime factors of 2716092834.
2, 3, 7, 13, 14503
List the prime factors of 41364315.
3, 5, 17, 139, 389
What are the prime factors of 725958064?
2, 13, 3490183
List the prime factors of 410100513.
3, 29, 523, 9013
List the prime factors of 167110981.
37, 281, 16073
What are the prime factors of 3528656432?
2, 7, 29, 719, 1511
List the prime factors of 2970439075.
5, 23, 59, 87559
What are the prime factors of 71623370?
2, 5, 7, 13, 78707
List the prime factors of 539453756.
2, 59, 2285821
List the prime factors of 46560642.
2, 3, 7760107
What are the prime factors of 1494803540?
2, 5, 17, 4396481
What are the prime factors of 1059148651?
11, 96286241
List the prime factors of 4970692234.
2, 26573, 93529
List the prime factors of 4262206296.
2, 3, 2467, 71987
What are the prime factors of 1336437961?
1336437961
What are the prime factors of 2161882828?
2, 7, 577, 133813
What are the prime factors of 614021051?
7, 7213, 12161
List the prime factors of 24032872.
2, 19, 43, 3677
What are the prime factors of 1927517087?
109, 17683643
What are the prime factors of 60836778?
2, 3, 17, 66271
What are the prime factors of 47151304?
2, 83, 71011
What are the prime factors of 128720886?
2, 3, 7, 359, 8537
What are the prime factors of 492970208?
2, 15405319
What are the prime factors of 949505190?
2, 3, 5, 2687, 11779
List the prime factors of 612948991.
17, 569, 63367
List the prime factors of 3134569622.
2, 311, 5039501
What are the prime factors of 116012011?
137, 499, 1697
What are the prime factors of 5558855163?
3, 1852951721
List the prime factors of 792855557.
13, 509, 709
List the prime factors of 466345911.
3, 107, 1452791
List the prime factors of 1348236603.
3, 7, 7133527
List the prime factors of 19159180.
2, 5, 957959
What are the prime factors of 2103324945?
3, 5, 71, 389, 5077
What are the prime factors of 3724389599?
7, 76007951
What are the prime factors of 19612039?
67, 292717
List the prime factors of 1262933808.
2, 3, 17, 1547713
What are the prime factors of 365030158?
2, 182515079
List the prime factors of 50904083.
23, 41, 2347
What are the prime factors of 227734807?
5869, 38803
What are the prime factors of 1464591266?
2, 43, 71, 131, 1831
List the prime factors of 1057838006.
2, 528919003
What are the prime factors of 907184551?
7, 13, 103, 96787
List the prime factors of 18822920.
2, 5, 19, 24767
What are the prime factors of 179698205?
5, 35939641
What are the prime factors of 512294946?
2, 3, 443, 192737
List the prime factors of 155799018.
2, 3, 907, 3181
List the prime factors of 42157170.
2, 3, 5, 11, 97, 439
What are the prime factors of 2243406031?
383, 5857457
What are the prime factors of 79513924?
2, 7, 41, 69263
List the prime factors of 146490601.
83, 113, 15619
List the prime factors of 1471333677.
3, 11, 44585869
What are the prime factors of 1589177581?
1589177581
List the prime factors of 8070532138.
2, 107, 37712767
List the prime factors of 12853427.
739, 17393
What are the prime factors of 1137144484?
2, 7, 17, 140527
What are the prime factors of 470790396?
2, 3, 13077511
List the prime factors of 176994765.
3, 5, 311, 12647
What are the prime factors of 19068820?
2, 5, 631, 1511
List the prime factors of 303976582.
2, 7, 13, 128477
List the prime factors of 9499695.
3, 5, 97, 6529
List the prime factors of 128192460.
2, 3, 5, 11, 43, 4517
List the prime factors of 89234640.
2, 3, 5, 11, 19, 593
List the prime factors of 439051123.
7, 8960227
What are the prime factors of 1093302206?
2, 546651103
What are the prime factors of 17934139?
43, 193, 2161
What are the prime factors of 276510583?
37, 7473259
What are the prime factors of 272315400?
2, 3, 5, 7, 23, 2819
What are the prime factors of 500271694?
2, 13, 577, 33347
List the prime factors of 1200234405.
3, 5, 4451, 17977
List the prime factors of 11783458.
2, 19, 310091
What are the prime factors of 3371830193?
19, 177464747
What are the prime factors of 130598541?
3, 103, 151, 311
What are the prime factors of 5921000463?
3, 7, 281952403
What are the prime factors of 1369671177?
3, 7, 9317491
What are the prime factors of 90649188?
2, 3, 7, 359719
What are the prime factors of 78952582?
2, 3593, 10987
List the prime factors of 584361818.
2, 292180909
What are the prime factors of 650183176?
2, 81272897
List the prime factors of 2173297420.
2, 5, 7, 977, 15889
List the prime factors of 898274721.
3, 83, 241, 14969
What are the prime factors of 443729477?
19, 463, 50441
List the prime factors of 67284368.
2, 17, 247369
List the prime factors of 4009759970.
2, 5, 23, 61, 181, 1579
What are the prime factors of 14632515?
3, 5, 283, 383
What are the prime factors of 627682001?
627682001
What are the prime factors of 349319672?
2, 13, 17, 41, 61, 79
List the prime factors of 59461468.
2, 11, 1351397
What are the prime factors of 26042538?
2, 3, 17, 131, 1949
What are the prime factors of 38766340?
2, 5, 1938317
What are the prime factors of 78787031?
78787031
What are the prime factors of 38613313?
137, 281849
List the prime factors of 34048548.
2, 3, 109, 8677
What are the prime factors of 1730744624?
2, 7, 2633, 5869
List the prime factors of 17751982.
2, 577, 15383
List the prime factors of 111658816.
2, 29, 60161
What are the prime factors of 133313018?
2, 421, 158329
List the prime factors of 859020423.
3, 7901, 36241
List the prime factors of 21863732.
2, 11, 199, 227
List the prime factors of 27702679.
463, 59833
What are the prime factors of 1396900549?
11, 61, 1021, 2039
What are the prime factors of 278728170?
2, 3, 5, 7, 127, 1493
What are the prime factors of 2577382000?
2, 5, 1288691
List the prime factors of 204879824.
2, 337, 37997
List the prime factors of 66886330.
2, 5, 7, 17, 56207
What are the prime factors of 509360043?
3, 113, 127, 11831
List the prime factors of 28715590.
2, 5, 47, 107, 571
List the prime factors of 579642.
2, 3, 7, 37, 373
List the prime factors of 104730888.
2, 3, 19, 241, 953
What are the prime factors of 733286667?
3, 23, 673, 15791
List the prime factors of 2030682013.
191, 859, 12377
List the prime factors of 14629506.
2, 3, 19, 181, 709
What are the prime factors of 2515216463?
41, 61346743
List the prime factors of 1627143965.
5, 31, 10497703
What are the prime factors of 430374792?
2, 3, 59, 303937
What are the prime factors of 259039704?
2, 3, 7, 11, 12743
List the prime factors of 65381908.
2, 163, 100279
What are the prime factors of 49052265?
3, 5, 179, 18269
List the prime factors of 68901279.
3, 41, 560173
What are the prime factors of 462732530?
2, 5, 13, 3559481
List the prime factors of 41652375.
3, 5, 31, 3583
List the prime factors of 48513864.
2, 3, 7, 288773
List the prime factors of 703853027.
41, 17167147
What are the prime factors of 49407420?
2, 3, 5, 823457
What are the prime factors of 450655512?
2, 3, 167, 229, 491
What are the prime factors of 281834404?
2, 8263, 8527
List the prime factors of 37512061.
19, 1974319
What are the prime factors of 123738340?
2, 5, 11, 59, 9533
What are the prime factors of 245116085?
5, 49023217
List the prime factors of 857979295.
5, 19, 9031361
What are the prime factors of 354276170?
2, 5, 661, 53597
List the prime factors of 6321293532.
2, 3, 17, 607583
List the prime factors of 4255239.
3, 47, 103, 293
What are the prime factors of 38113690?
2, 5, 3811369
List the prime factors of 2851492773.
3, 17, 19, 29, 47, 127
List the prime factors of 155814601.
7121, 21881
List the prime fa